2 + v**3 - 51*v**2 + o*v**3. Give n(0).
-8
Let h = 1 - 2. Suppose 0 = 2*z + 1 - 7. Let i(u) = -5*u**3 + z*u**3 - 4 + 5 - 2. Determine i(h).
1
Let a(z) = -5*z**3 + z**2 - 5*z - 6. Let t(k) = k**3 - k**2 + k + 1. Let x(p) = a(p) + 6*t(p). Determine x(5).
5
Let h(s) = -3*s**3 + s - 1. Let k = -6 + 9. Suppose g - 4 = -k. Determine h(g).
-3
Let m(n) be the third derivative of -1/15*n**5 + 0 - 1/24*n**4 + 2*n**2 + 0*n - 1/6*n**3. Give m(-1).
-4
Let g(o) = o**2 + 6. Suppose -11 = -5*z + 14. Suppose z = 8*b - 3*b. Let t = b - 1. Determine g(t).
6
Let u(a) = -17*a**3 - 1. Let v(c) = c**3 - 3*c**2 - 16*c - 13. Let z be v(6). Calculate u(z).
16
Let v(f) = -f**3 - 4*f**2 - 2*f - 5. Let w(p) = -3*p + 14. Let y be w(6). Calculate v(y).
3
Let z(n) = n**2 - 2*n**2 - 5 + 4*n - 3*n**2 + 5*n**2. Let u(o) = -o**2 + 2*o. Let j be u(3). Let w = -2 + j. Calculate z(w).
0
Let z(c) be the third derivative of c**8/6720 - c**7/420 + c**5/30 + c**4/8 + 5*c**2. Let f(h) be the second derivative of z(h). What is f(6)?
4
Let c(z) be the first derivative of -z**3/3 - 3*z**2/2 + 7*z - 3. Give c(-6).
-11
Let w(g) = g - 1. Let v(s) = 3*s - 1. Let n(o) = -v(o) + 6*w(o). Give n(-4).
-17
Let n(x) = -7*x + 1. Let f(s) = s - 13. Let h be f(12). Determine n(h).
8
Suppose -3*w - 5*g = -3, 5*w + 17 = -g - 0. Let p(l) = l**2 + 6*l + 1. Determine p(w).
-7
Let m(b) be the first derivative of b**4/12 - b**3/6 + b**2/2 - 2*b + 5. Let c(h) be the first derivative of m(h). Give c(-2).
7
Let l(f) = 8 + 9 + 0*f - f - 7. Calculate l(6).
4
Let m(z) = -1 - 5*z + 3*z - 2*z**2 + 6*z - 2. Let x be (-18)/(-7) - 20/35. Give m(x).
-3
Let g(i) = 9*i**2 - 3*i. Let m(k) = -10*k**2 + 4*k. Let z(s) = -5*g(s) - 4*m(s). Let y be -1 - 1 - 5/(5 - 10). Give z(y).
-4
Let w(l) = -l + 10. Let f = -10 - -20. Let b be w(f). Let y(h) = h**3 - 1. Determine y(b).
-1
Let s(k) be the second derivative of -k**5/20 + 7*k**4/12 + k**3/3 - 9*k**2/2 + 2*k. What is s(7)?
5
Let r(k) = -k**2 - 5*k + 10. Let x be ((-2)/(-1))/(4/(-14)). Give r(x).
-4
Let p(b) = 10*b - 1. Let f be 4/4*6/6. What is p(f)?
9
Suppose -y = 2*y - 3. Suppose -5*a - 10 = 4*i, a + a + y = -i. Let m(p) = -9 - 2*p - p + 2*p. Determine m(i).
-4
Let r(w) be the first derivative of 6 + 2/3*w**3 + w + 0*w**2. What is r(-1)?
3
Let g(v) = -9*v. Let n(k) = -k**3 - 16*k**2 + k + 17. Let a be n(-16). Give g(a).
-9
Let y(r) = -r - 7. Let l(c) = c**3 - 5. Suppose 0 = -5*o + 2*o. Let j be l(o). Determine y(j).
-2
Let r(k) = k**3 + 4*k**2 - 2*k. Suppose 0 = -d + 2 + 1. Let t(w) = -d + 5 + 2 + 2*w. Let i be t(-4). What is r(i)?
8
Let y = 3 + -2. Let q(p) be the second derivative of p + 0 + 0*p**3 + 1/2*p**2 - 1/2*p**4. Determine q(y).
-5
Suppose 4*v + 4*x - 3 = 5*x, -x = -2*v + 3. Let d be (-6)/(-3)*(-1)/(-2). Let c(o) = d - o - 4*o**2 - o**2 + 4*o**2. Determine c(v).
1
Let j(q) = 2*q**2 + 6*q + 3. Let d(a) = a**2. Let o(n) = d(n) - j(n). Let w = -16 - -22. Suppose -w = -g + 2*g. Calculate o(g).
-3
Let n(c) be the third derivative of -c**4/24 - 2*c**3/3 + c**2. Let k = 7 + -3. Let f = k - 1. Calculate n(f).
-7
Suppose -3 = 4*b - 11. Suppose -i + b = -0*i. Let y(d) = 3*d**2 - 3*d. What is y(i)?
6
Let k(d) be the second derivative of -d**5/10 + d**4/6 - d**2/2 + 4*d - 10. What is k(1)?
-1
Let f(c) = -c - 6. Suppose -5*v - 10 - 5 = 0. Let o be f(v). Let q(t) = -2 + 0*t + 2*t + 2. Determine q(o).
-6
Suppose 2*r = 5*w + 25, 5*r + 5*w - 13 = -3. Let o be 0/(-2 + 3 - 2). Suppose o = -r*h - 4 - 16. Let v(l) = -l**3 - 5*l**2 - 2*l + 2. Give v(h).
-6
Let m(f) = -2*f**3 + 2*f**2 + 0*f**2 - 1 + 0. Let p(a) = 2*a**3 - 2*a - 1. Let y = 2 - 3. Let w be p(y). Determine m(w).
3
Let i(y) = y**2 + y - 6. Let j be i(0). Let l be (-1 - -1) + j/2. Let p(x) be the first derivative of x**2/2 - 2*x - 8. Calculate p(l).
-5
Let l(v) = -v**3 + 4*v**2 + 6*v - 3. Let r be l(5). Let a(b) = -b**3 - 5*b - 2*b**r - 2 + 4*b + b. Suppose 6 = -2*k - 0. Determine a(k).
7
Let b = -58 - -61. Let k(d) = -d**3 + d**2 + 3*d + 1. Calculate k(b).
-8
Let g = 4 - 3. Let z(d) be the third derivative of -d**4/24 + d**3/6 + 12*d**2. Let f be z(g). Let h(u) = -u + 2. Calculate h(f).
2
Let l(y) = 5*y**3 - 9*y - 9. Let m(w) = 11*w**3 + w**2 - 19*w - 19. Let t(c) = -9*l(c) + 4*m(c). Give t(5).
5
Let q(c) = -3 - 7*c - c + 4*c. Determine q(-2).
5
Let c(q) = -3*q - 1. Let s(v) = 25*v + 8. Let p(j) = 51*c(j) + 6*s(j). Calculate p(-2).
3
Let z(h) = 2*h - 11. Let w(l) = -2*l - 13. Let u(p) = -3*p - 25. Let a(d) = -3*u(d) + 5*w(d). Let v(o) = 3*a(o) + 2*z(o). What is v(-4)?
4
Let d = 141 + -138. Let f(v) = v**3 - 3*v**2 + v. What is f(d)?
3
Let a(b) = 3*b**2 - 3*b + 2. Let i(g) = -g + 1. Let w(f) = -a(f) + 3*i(f). Determine w(-2).
-11
Let t(i) = -i**2 + 3*i. Let u be t(2). Let c(m) = -11*m**2 + 2*m - 3. Let k(g) = -24*g**2 + 5*g - 7. Let v(w) = 13*c(w) - 6*k(w). Determine v(u).
-1
Suppose 5*c - c - 24 = -2*u, -4 = 4*u - 5*c. Let k(o) = -2*o + 3. Give k(u).
-5
Let g(o) = 7*o - 3. Suppose 0 = l + 1 - 4. Suppose -5*j + 22 = 2*c, l*c - j - j = 14. Let p(z) = -6*z + 3. Let i(b) = c*p(b) + 5*g(b). Give i(0).
3
Let u = -6 + 7. Let p be u*(3 - -3) - -1. Let b = -5 + p. Let t(w) = 3*w + 2. Give t(b).
8
Let n(k) = -k**3 - 3*k - 3. Let p(a) = -3*a**2 - 6*a - 2. Let x be p(-2). Determine n(x).
11
Let y(c) = 3*c - 3. Let z = -15 + 20. Give y(z).
12
Let i(k) be the third derivative of k**4/24 - 2*k**3/3 - k**2. Let g be (-1 - 1) + (3 - 1). Calculate i(g).
-4
Let s(n) = -n - 4. Let w be s(9). Let m = w + 19. Let y(v) = -v**3 + 5*v**2 + 6*v - 1. Calculate y(m).
-1
Suppose -4*v = 0, p + 2*v - 1 = 1. Let r(m) = p*m - 2 - 4*m + m**2 - 3*m + m. What is r(5)?
3
Let d(y) = -4*y + 2*y - 4 + 3. What is d(-5)?
9
Let c be 1/3*3/(-1). Let z(x) = -11*x**2 + 3*x + 5. Let t(y) = -6*y**2 + y + 2. Let r(m) = -5*t(m) + 2*z(m). What is r(c)?
7
Suppose -10 = -2*y, -2*t + 4 = -2*y + 2. Suppose -h - x - t - 2 = 0, -5*h - 36 = 3*x. Let m(o) = -o - 6. Calculate m(h).
0
Let c(t) = -3*t + 5. Let k(a) = 2*a**2 - 14*a - 12. Let i be k(8). Determine c(i).
-7
Suppose 0 = 5*l - 5*o - 55, 0 = -0*l + 4*l - o - 32. Let h(g) = -3 - 1 - g - 2 + l. Determine h(-5).
6
Suppose 0 = -3*a + 2 + 1. Let t(r) = 8*r**3 - r**2 + r + 1. Let s(k) = -15*k**3 + k**2 - k - 2. Let n(i) = -3*s(i) - 5*t(i). Calculate n(a).
6
Let k be (-8)/28 + (-62)/(-168). Let y(d) be the second derivative of -1/2*d**3 + k*d**4 - d + 0 - 1/2*d**2. Calculate y(3).
-1
Let w(y) = -y**2 - 12*y + 0 + 2 - 15. Let p(n) = -n**2 - 11*n - 12. Let h(r) = -6*p(r) + 5*w(r). Determine h(-5).
2
Let t(q) = -3*q**2 - 13*q - 16. Let p(z) = z**2 + 4*z + 5. Let o(j) = -11*p(j) - 4*t(j). Calculate o(-7).
2
Let s(r) = -r**2 - 4*r + 1. Let b = -26 + 21. Give s(b).
-4
Let t(m) = 8*m - 2. Let s = -144 - -142. Give t(s).
-18
Let m(t) = -4*t + 6*t + 6*t**2 + 0*t + 1. Let g(l) = l**3 - 10*l**2 + 8*l - 7. Let o be g(9). Let j = -17 - o. Give m(j).
5
Let o be ((-34)/3)/((-28)/(-42)). Let y = o + 12. Let k(g) = g**3 + 4*g**2 - 7*g - 2. Give k(y).
8
Let z be (-234)/(-10) + 20/(-50). Let t(k) = 18*k - z*k + 2 - 1. Determine t(1).
-4
Let q(j) be the first derivative of 3/2*j**2 + 2 + 0*j**3 - 3*j - 1/4*j**4. Calculate q(2).
-5
Let o(p) = -p**3 + 4*p**2 + 2*p - 3. Suppose -4*f - 2*a = -8, 3*a + 1 = -f + 3. What is o(f)?
9
Let r(u) = -u**3 + 5*u**2 - 5*u + 4. Suppose -5*w = 26 - 6. Let c be -1*(-1 + 2)*w. Calculate r(c).
0
Suppose 0 = -4*t - 4, -11 = 4*v - t - 0*t. Let h(m) = m**3 + m**2 - 4*m - 4. What is h(v)?
-10
Let l be 8/3 - (-2)/6. Let u = l - 6. Let w(i) = -3*i + 1. Give w(u).
10
Suppose -6 = i - 2*y, 4*y + 5 = 3*i + 21. Let t be (-12)/9*(1 + i). Let g(c) = c**2 - 5*c + 1. What is g(t)?
-3
Suppose -9*b + 3 + 24 = 0. Let p(i) be the second derivative of 2*i + 0 - 5/3*i**b + 0*i**2. Calculate p(-1).
10
Let o be 3/(-6)*(-3 - -1). Let f = o + 2. Let b(g) = g**3 - 3*g**2 - 1. Give b(f).
-1
Let d(x) = x - 2. Let z(q) = 12*q**2 - 3*q**2 - 6*q + 7*q. Let o be z(1). Let r = o + -5. Calculate d(r).
3
Suppose -d = -3*d + 30. Let l(c) = -c**2 + 16*c - 9. Let a be l(d). Let i(z) = 0 - 2*z**2 + z**2 + 6 + 5*z. Determine i(a).
0
Let t = 53641/60 - 894. Let a(b) be the third derivative of -2*b**2 + t*b**5 + 0 + 0*b**3 + 0*b + 0*b**4. Determine a(2).
4
Suppose -2*p - 9 = 5. Let i(q) = -q**2 - 8*q - 1. What is i(p)?
6
Let i(f) be the second derivative of 0*f*